{"id":28452,"date":"2026-03-30T07:22:52","date_gmt":"2026-03-30T06:22:52","guid":{"rendered":"https:\/\/observatorioigualdadyempleo.es\/?post_type=downloads&#038;p=28452"},"modified":"2026-03-30T07:22:52","modified_gmt":"2026-03-30T06:22:52","slug":"mujeres-migrantes-trabajadoras-en-espana","status":"publish","type":"downloads","link":"https:\/\/activat9-cp344.wordpresstemporal.com\/observatorio_igualdad_y_empleo\/downloads\/mujeres-migrantes-trabajadoras-en-espana\/","title":{"rendered":"Mujeres migrantes trabajadoras en Espa\u00f1a"},"content":{"rendered":"<p style=\"text-align: justify;\">Informe elaborado por UGT Migraciones, que analiza la segregaci\u00f3n laboral y las brechas que sufren las mujeres migrantes que trabajan en Espa\u00f1a. Uno de los puntos en los que focaliza el mismo es en la elevada presencia en el Sistema Especial de Empleados de Hogar.<\/p>\n","protected":false},"excerpt":{"rendered":"<p>Informe elaborado por UGT Migraciones, que analiza la segregaci\u00f3n laboral y las brechas que sufren las mujeres migrantes que trabajan en Espa\u00f1a. Uno de los puntos en los que focaliza el mismo es en la elevada presencia en el Sistema<span class=\"excerpt-hellip\"> [\u2026]<\/span><\/p>\n","protected":false},"author":29,"featured_media":28499,"template":"","categorias_downloads":[198,43],"etiquetas_downloads":[1241,866,891,909,1268,992,1047,1114],"class_list":["post-28452","downloads","type-downloads","status-publish","has-post-thumbnail","hentry","categorias_downloads-empleo","categorias_downloads-informes-y-estudios","etiquetas_downloads-trabajodelhogarestrabajo","etiquetas_downloads-866","etiquetas_downloads-america-latina","etiquetas_downloads-brecha-de-genero","etiquetas_downloads-campanas-alicia","etiquetas_downloads-empoderamiento","etiquetas_downloads-igualdad-de-oportunidades","etiquetas_downloads-trabajo-domestico"],"yoast_head":"<!-- This site is optimized with the Yoast SEO plugin v27.5 - https:\/\/yoast.com\/product\/yoast-seo-wordpress\/ -->\n<title>Mujeres migrantes trabajadoras en Espa\u00f1a - Observatorio de Igualdad y Empleo<\/title>\n<meta name=\"robots\" content=\"index, follow, max-snippet:-1, max-image-preview:large, max-video-preview:-1\" \/>\n<link rel=\"canonical\" href=\"https:\/\/activat9-cp344.wordpresstemporal.com\/observatorio_igualdad_y_empleo\/downloads\/mujeres-migrantes-trabajadoras-en-espana\/\" \/>\n<meta property=\"og:locale\" content=\"es_ES\" \/>\n<meta property=\"og:type\" content=\"article\" \/>\n<meta property=\"og:title\" content=\"Mujeres migrantes trabajadoras en Espa\u00f1a - Observatorio de Igualdad y Empleo\" \/>\n<meta property=\"og:description\" content=\"Informe elaborado por UGT Migraciones, que analiza la segregaci\u00f3n laboral y las brechas que sufren las mujeres migrantes que trabajan en Espa\u00f1a. Uno de los puntos en los que focaliza el mismo es en la elevada presencia en el Sistema [\u2026]\" \/>\n<meta property=\"og:url\" content=\"https:\/\/activat9-cp344.wordpresstemporal.com\/observatorio_igualdad_y_empleo\/downloads\/mujeres-migrantes-trabajadoras-en-espana\/\" \/>\n<meta property=\"og:site_name\" content=\"Observatorio de Igualdad y Empleo\" \/>\n<meta property=\"article:publisher\" content=\"https:\/\/www.facebook.com\/fundacionmujeres\" \/>\n<meta property=\"og:image\" content=\"https:\/\/activat9-cp344.wordpresstemporal.com\/observatorio_igualdad_y_empleo\/wp-content\/uploads\/2026\/03\/30M2026_INFORME_EXTERNO.png\" \/>\n\t<meta property=\"og:image:width\" content=\"810\" \/>\n\t<meta property=\"og:image:height\" content=\"810\" \/>\n\t<meta property=\"og:image:type\" content=\"image\/png\" \/>\n<meta name=\"twitter:card\" content=\"summary_large_image\" \/>\n<meta name=\"twitter:site\" content=\"@fmujeres\" \/>\n<meta name=\"twitter:label1\" content=\"Tiempo de lectura\" \/>\n\t<meta name=\"twitter:data1\" content=\"1 minuto\" \/>\n<script type=\"application\/ld+json\" class=\"yoast-schema-graph\">{\"@context\":\"https:\\\/\\\/schema.org\",\"@graph\":[{\"@type\":\"WebPage\",\"@id\":\"https:\\\/\\\/activat9-cp344.wordpresstemporal.com\\\/observatorio_igualdad_y_empleo\\\/downloads\\\/mujeres-migrantes-trabajadoras-en-espana\\\/\",\"url\":\"https:\\\/\\\/activat9-cp344.wordpresstemporal.com\\\/observatorio_igualdad_y_empleo\\\/downloads\\\/mujeres-migrantes-trabajadoras-en-espana\\\/\",\"name\":\"Mujeres migrantes trabajadoras en Espa\u00f1a - Observatorio de Igualdad y Empleo\",\"isPartOf\":{\"@id\":\"https:\\\/\\\/observatorioigualdadyempleo.es\\\/#website\"},\"primaryImageOfPage\":{\"@id\":\"https:\\\/\\\/activat9-cp344.wordpresstemporal.com\\\/observatorio_igualdad_y_empleo\\\/downloads\\\/mujeres-migrantes-trabajadoras-en-espana\\\/#primaryimage\"},\"image\":{\"@id\":\"https:\\\/\\\/activat9-cp344.wordpresstemporal.com\\\/observatorio_igualdad_y_empleo\\\/downloads\\\/mujeres-migrantes-trabajadoras-en-espana\\\/#primaryimage\"},\"thumbnailUrl\":\"https:\\\/\\\/activat9-cp344.wordpresstemporal.com\\\/observatorio_igualdad_y_empleo\\\/wp-content\\\/uploads\\\/2026\\\/03\\\/30M2026_INFORME_EXTERNO.png\",\"datePublished\":\"2026-03-30T06:22:52+00:00\",\"breadcrumb\":{\"@id\":\"https:\\\/\\\/activat9-cp344.wordpresstemporal.com\\\/observatorio_igualdad_y_empleo\\\/downloads\\\/mujeres-migrantes-trabajadoras-en-espana\\\/#breadcrumb\"},\"inLanguage\":\"es\",\"potentialAction\":[{\"@type\":\"ReadAction\",\"target\":[\"https:\\\/\\\/activat9-cp344.wordpresstemporal.com\\\/observatorio_igualdad_y_empleo\\\/downloads\\\/mujeres-migrantes-trabajadoras-en-espana\\\/\"]}]},{\"@type\":\"ImageObject\",\"inLanguage\":\"es\",\"@id\":\"https:\\\/\\\/activat9-cp344.wordpresstemporal.com\\\/observatorio_igualdad_y_empleo\\\/downloads\\\/mujeres-migrantes-trabajadoras-en-espana\\\/#primaryimage\",\"url\":\"https:\\\/\\\/activat9-cp344.wordpresstemporal.com\\\/observatorio_igualdad_y_empleo\\\/wp-content\\\/uploads\\\/2026\\\/03\\\/30M2026_INFORME_EXTERNO.png\",\"contentUrl\":\"https:\\\/\\\/activat9-cp344.wordpresstemporal.com\\\/observatorio_igualdad_y_empleo\\\/wp-content\\\/uploads\\\/2026\\\/03\\\/30M2026_INFORME_EXTERNO.png\",\"width\":810,\"height\":810},{\"@type\":\"BreadcrumbList\",\"@id\":\"https:\\\/\\\/activat9-cp344.wordpresstemporal.com\\\/observatorio_igualdad_y_empleo\\\/downloads\\\/mujeres-migrantes-trabajadoras-en-espana\\\/#breadcrumb\",\"itemListElement\":[{\"@type\":\"ListItem\",\"position\":1,\"name\":\"Portada\",\"item\":\"https:\\\/\\\/observatorioigualdadyempleo.es\\\/\"},{\"@type\":\"ListItem\",\"position\":2,\"name\":\"Mujeres migrantes trabajadoras en Espa\u00f1a\"}]},{\"@type\":\"WebSite\",\"@id\":\"https:\\\/\\\/observatorioigualdadyempleo.es\\\/#website\",\"url\":\"https:\\\/\\\/observatorioigualdadyempleo.es\\\/\",\"name\":\"Observatorio de Igualdad y Empleo\",\"description\":\"Recopilatorio de conocimiento sobre igualdad  y empleo\",\"potentialAction\":[{\"@type\":\"SearchAction\",\"target\":{\"@type\":\"EntryPoint\",\"urlTemplate\":\"https:\\\/\\\/observatorioigualdadyempleo.es\\\/?s={search_term_string}\"},\"query-input\":{\"@type\":\"PropertyValueSpecification\",\"valueRequired\":true,\"valueName\":\"search_term_string\"}}],\"inLanguage\":\"es\"}]}<\/script>\n<!-- \/ Yoast SEO plugin. -->","yoast_head_json":{"title":"Mujeres migrantes trabajadoras en Espa\u00f1a - Observatorio de Igualdad y Empleo","robots":{"index":"index","follow":"follow","max-snippet":"max-snippet:-1","max-image-preview":"max-image-preview:large","max-video-preview":"max-video-preview:-1"},"canonical":"https:\/\/activat9-cp344.wordpresstemporal.com\/observatorio_igualdad_y_empleo\/downloads\/mujeres-migrantes-trabajadoras-en-espana\/","og_locale":"es_ES","og_type":"article","og_title":"Mujeres migrantes trabajadoras en Espa\u00f1a - Observatorio de Igualdad y Empleo","og_description":"Informe elaborado por UGT Migraciones, que analiza la segregaci\u00f3n laboral y las brechas que sufren las mujeres migrantes que trabajan en Espa\u00f1a. Uno de los puntos en los que focaliza el mismo es en la elevada presencia en el Sistema [\u2026]","og_url":"https:\/\/activat9-cp344.wordpresstemporal.com\/observatorio_igualdad_y_empleo\/downloads\/mujeres-migrantes-trabajadoras-en-espana\/","og_site_name":"Observatorio de Igualdad y Empleo","article_publisher":"https:\/\/www.facebook.com\/fundacionmujeres","og_image":[{"width":810,"height":810,"url":"https:\/\/activat9-cp344.wordpresstemporal.com\/observatorio_igualdad_y_empleo\/wp-content\/uploads\/2026\/03\/30M2026_INFORME_EXTERNO.png","type":"image\/png"}],"twitter_card":"summary_large_image","twitter_site":"@fmujeres","twitter_misc":{"Tiempo de lectura":"1 minuto"},"schema":{"@context":"https:\/\/schema.org","@graph":[{"@type":"WebPage","@id":"https:\/\/activat9-cp344.wordpresstemporal.com\/observatorio_igualdad_y_empleo\/downloads\/mujeres-migrantes-trabajadoras-en-espana\/","url":"https:\/\/activat9-cp344.wordpresstemporal.com\/observatorio_igualdad_y_empleo\/downloads\/mujeres-migrantes-trabajadoras-en-espana\/","name":"Mujeres migrantes trabajadoras en Espa\u00f1a - Observatorio de Igualdad y Empleo","isPartOf":{"@id":"https:\/\/observatorioigualdadyempleo.es\/#website"},"primaryImageOfPage":{"@id":"https:\/\/activat9-cp344.wordpresstemporal.com\/observatorio_igualdad_y_empleo\/downloads\/mujeres-migrantes-trabajadoras-en-espana\/#primaryimage"},"image":{"@id":"https:\/\/activat9-cp344.wordpresstemporal.com\/observatorio_igualdad_y_empleo\/downloads\/mujeres-migrantes-trabajadoras-en-espana\/#primaryimage"},"thumbnailUrl":"https:\/\/activat9-cp344.wordpresstemporal.com\/observatorio_igualdad_y_empleo\/wp-content\/uploads\/2026\/03\/30M2026_INFORME_EXTERNO.png","datePublished":"2026-03-30T06:22:52+00:00","breadcrumb":{"@id":"https:\/\/activat9-cp344.wordpresstemporal.com\/observatorio_igualdad_y_empleo\/downloads\/mujeres-migrantes-trabajadoras-en-espana\/#breadcrumb"},"inLanguage":"es","potentialAction":[{"@type":"ReadAction","target":["https:\/\/activat9-cp344.wordpresstemporal.com\/observatorio_igualdad_y_empleo\/downloads\/mujeres-migrantes-trabajadoras-en-espana\/"]}]},{"@type":"ImageObject","inLanguage":"es","@id":"https:\/\/activat9-cp344.wordpresstemporal.com\/observatorio_igualdad_y_empleo\/downloads\/mujeres-migrantes-trabajadoras-en-espana\/#primaryimage","url":"https:\/\/activat9-cp344.wordpresstemporal.com\/observatorio_igualdad_y_empleo\/wp-content\/uploads\/2026\/03\/30M2026_INFORME_EXTERNO.png","contentUrl":"https:\/\/activat9-cp344.wordpresstemporal.com\/observatorio_igualdad_y_empleo\/wp-content\/uploads\/2026\/03\/30M2026_INFORME_EXTERNO.png","width":810,"height":810},{"@type":"BreadcrumbList","@id":"https:\/\/activat9-cp344.wordpresstemporal.com\/observatorio_igualdad_y_empleo\/downloads\/mujeres-migrantes-trabajadoras-en-espana\/#breadcrumb","itemListElement":[{"@type":"ListItem","position":1,"name":"Portada","item":"https:\/\/observatorioigualdadyempleo.es\/"},{"@type":"ListItem","position":2,"name":"Mujeres migrantes trabajadoras en Espa\u00f1a"}]},{"@type":"WebSite","@id":"https:\/\/observatorioigualdadyempleo.es\/#website","url":"https:\/\/observatorioigualdadyempleo.es\/","name":"Observatorio de Igualdad y Empleo","description":"Recopilatorio de conocimiento sobre igualdad  y empleo","potentialAction":[{"@type":"SearchAction","target":{"@type":"EntryPoint","urlTemplate":"https:\/\/observatorioigualdadyempleo.es\/?s={search_term_string}"},"query-input":{"@type":"PropertyValueSpecification","valueRequired":true,"valueName":"search_term_string"}}],"inLanguage":"es"}]}},"_links":{"self":[{"href":"https:\/\/activat9-cp344.wordpresstemporal.com\/observatorio_igualdad_y_empleo\/wp-json\/wp\/v2\/downloads\/28452","targetHints":{"allow":["GET"]}}],"collection":[{"href":"https:\/\/activat9-cp344.wordpresstemporal.com\/observatorio_igualdad_y_empleo\/wp-json\/wp\/v2\/downloads"}],"about":[{"href":"https:\/\/activat9-cp344.wordpresstemporal.com\/observatorio_igualdad_y_empleo\/wp-json\/wp\/v2\/types\/downloads"}],"author":[{"embeddable":true,"href":"https:\/\/activat9-cp344.wordpresstemporal.com\/observatorio_igualdad_y_empleo\/wp-json\/wp\/v2\/users\/29"}],"wp:featuredmedia":[{"embeddable":true,"href":"https:\/\/activat9-cp344.wordpresstemporal.com\/observatorio_igualdad_y_empleo\/wp-json\/wp\/v2\/media\/28499"}],"wp:attachment":[{"href":"https:\/\/activat9-cp344.wordpresstemporal.com\/observatorio_igualdad_y_empleo\/wp-json\/wp\/v2\/media?parent=28452"}],"wp:term":[{"taxonomy":"categorias_downloads","embeddable":true,"href":"https:\/\/activat9-cp344.wordpresstemporal.com\/observatorio_igualdad_y_empleo\/wp-json\/wp\/v2\/categorias_downloads?post=28452"},{"taxonomy":"etiquetas_downloads","embeddable":true,"href":"https:\/\/activat9-cp344.wordpresstemporal.com\/observatorio_igualdad_y_empleo\/wp-json\/wp\/v2\/etiquetas_downloads?post=28452"}],"curies":[{"name":"wp","href":"https:\/\/api.w.org\/{rel}","templated":true}]}}

Mujeres migrantes trabajadoras en España

<p style="text-align: justify;">Informe elaborado por UGT Migraciones, que analiza la segregación laboral y las brechas que sufren las mujeres migrantes que trabajan en España. Uno de los puntos en los que focaliza el mismo es en la elevada presencia en el Sistema Especial de Empleados de Hogar.</p>

<p>Informe elaborado por UGT Migraciones, que analiza la segregación laboral y las brechas que sufren las mujeres migrantes que trabajan en España. Uno de los puntos en los que focaliza el mismo es en la elevada presencia en el Sistema<span class="excerpt-hellip"> […]</span></p>

<!-- This site is optimized with the Yoast SEO plugin v27.5 - https://yoast.com/product/yoast-seo-wordpress/ -->
<title>Mujeres migrantes trabajadoras en España - Observatorio de Igualdad y Empleo</title>
<meta name="robots" content="index, follow, max-snippet:-1, max-image-preview:large, max-video-preview:-1" />
<link rel="canonical" href="https://activat9-cp344.wordpresstemporal.com/observatorio_igualdad_y_empleo/downloads/mujeres-migrantes-trabajadoras-en-espana/" />
<meta property="og:locale" content="es_ES" />
<meta property="og:type" content="article" />
<meta property="og:title" content="Mujeres migrantes trabajadoras en España - Observatorio de Igualdad y Empleo" />
<meta property="og:description" content="Informe elaborado por UGT Migraciones, que analiza la segregación laboral y las brechas que sufren las mujeres migrantes que trabajan en España. Uno de los puntos en los que focaliza el mismo es en la elevada presencia en el Sistema […]" />
<meta property="og:url" content="https://activat9-cp344.wordpresstemporal.com/observatorio_igualdad_y_empleo/downloads/mujeres-migrantes-trabajadoras-en-espana/" />
<meta property="og:site_name" content="Observatorio de Igualdad y Empleo" />
<meta property="article:publisher" content="https://www.facebook.com/fundacionmujeres" />
<meta property="og:image" content="https://activat9-cp344.wordpresstemporal.com/observatorio_igualdad_y_empleo/wp-content/uploads/2026/03/30M2026_INFORME_EXTERNO.png" />
	<meta property="og:image:width" content="810" />
	<meta property="og:image:height" content="810" />
	<meta property="og:image:type" content="image/png" />
<meta name="twitter:card" content="summary_large_image" />
<meta name="twitter:site" content="@fmujeres" />
<meta name="twitter:label1" content="Tiempo de lectura" />
	<meta name="twitter:data1" content="1 minuto" />
<script type="application/ld+json" class="yoast-schema-graph">{"@context":"https:\/\/schema.org","@graph":[{"@type":"WebPage","@id":"https:\/\/activat9-cp344.wordpresstemporal.com\/observatorio_igualdad_y_empleo\/downloads\/mujeres-migrantes-trabajadoras-en-espana\/","url":"https:\/\/activat9-cp344.wordpresstemporal.com\/observatorio_igualdad_y_empleo\/downloads\/mujeres-migrantes-trabajadoras-en-espana\/","name":"Mujeres migrantes trabajadoras en España - Observatorio de Igualdad y Empleo","isPartOf":{"@id":"https:\/\/observatorioigualdadyempleo.es\/#website"},"primaryImageOfPage":{"@id":"https:\/\/activat9-cp344.wordpresstemporal.com\/observatorio_igualdad_y_empleo\/downloads\/mujeres-migrantes-trabajadoras-en-espana\/#primaryimage"},"image":{"@id":"https:\/\/activat9-cp344.wordpresstemporal.com\/observatorio_igualdad_y_empleo\/downloads\/mujeres-migrantes-trabajadoras-en-espana\/#primaryimage"},"thumbnailUrl":"https:\/\/activat9-cp344.wordpresstemporal.com\/observatorio_igualdad_y_empleo\/wp-content\/uploads\/2026\/03\/30M2026_INFORME_EXTERNO.png","datePublished":"2026-03-30T06:22:52+00:00","breadcrumb":{"@id":"https:\/\/activat9-cp344.wordpresstemporal.com\/observatorio_igualdad_y_empleo\/downloads\/mujeres-migrantes-trabajadoras-en-espana\/#breadcrumb"},"inLanguage":"es","potentialAction":[{"@type":"ReadAction","target":["https:\/\/activat9-cp344.wordpresstemporal.com\/observatorio_igualdad_y_empleo\/downloads\/mujeres-migrantes-trabajadoras-en-espana\/"]}]},{"@type":"ImageObject","inLanguage":"es","@id":"https:\/\/activat9-cp344.wordpresstemporal.com\/observatorio_igualdad_y_empleo\/downloads\/mujeres-migrantes-trabajadoras-en-espana\/#primaryimage","url":"https:\/\/activat9-cp344.wordpresstemporal.com\/observatorio_igualdad_y_empleo\/wp-content\/uploads\/2026\/03\/30M2026_INFORME_EXTERNO.png","contentUrl":"https:\/\/activat9-cp344.wordpresstemporal.com\/observatorio_igualdad_y_empleo\/wp-content\/uploads\/2026\/03\/30M2026_INFORME_EXTERNO.png","width":810,"height":810},{"@type":"BreadcrumbList","@id":"https:\/\/activat9-cp344.wordpresstemporal.com\/observatorio_igualdad_y_empleo\/downloads\/mujeres-migrantes-trabajadoras-en-espana\/#breadcrumb","itemListElement":[{"@type":"ListItem","position":1,"name":"Portada","item":"https:\/\/observatorioigualdadyempleo.es\/"},{"@type":"ListItem","position":2,"name":"Mujeres migrantes trabajadoras en España"}]},{"@type":"WebSite","@id":"https:\/\/observatorioigualdadyempleo.es\/#website","url":"https:\/\/observatorioigualdadyempleo.es\/","name":"Observatorio de Igualdad y Empleo","description":"Recopilatorio de conocimiento sobre igualdad  y empleo","potentialAction":[{"@type":"SearchAction","target":{"@type":"EntryPoint","urlTemplate":"https:\/\/observatorioigualdadyempleo.es\/?s={search_term_string}"},"query-input":{"@type":"PropertyValueSpecification","valueRequired":true,"valueName":"search_term_string"}}],"inLanguage":"es"}]}</script>
<!-- / Yoast SEO plugin. -->

Mujeres migrantes trabajadoras en España - Observatorio de Igualdad y Empleo

Informe elaborado por UGT Migraciones, que analiza la segregación laboral y las brechas que sufren las mujeres migrantes que trabajan en España. Uno de los puntos en los que focaliza el mismo es en la elevada presencia en el Sistema […]
