{"id":5770,"date":"2018-03-27T11:31:00","date_gmt":"2018-03-27T10:31:00","guid":{"rendered":"https:\/\/observatorioigualdadyempleo.es\/?post_type=downloads&#038;p=5770"},"modified":"2020-01-09T11:40:43","modified_gmt":"2020-01-09T10:40:43","slug":"guia-de-empleo","status":"publish","type":"downloads","link":"https:\/\/activat9-cp344.wordpresstemporal.com\/observatorio_igualdad_y_empleo\/downloads\/guia-de-empleo\/","title":{"rendered":"Gu\u00eda de Empleo"},"content":{"rendered":"<p>Documento pr\u00e1ctico realizado por y para mujeres con el fin de promover la participaci\u00f3n plena de las mujeres en el \u00e1mbito laboral. Busca el empoderamiento de las mujeres para que puedan encontrar un puesto de trabajo acorde con su objetivo profesional o promocionar en el mismo. Incluye informaci\u00f3n que permite conocer los derechos y deberes en el desarrollo del trabajo, al igual que\u00a0 provee herramientas pr\u00e1cticas para la b\u00fasqueda activa de empleo (consejos para elaborar cartas de presentaci\u00f3n y CVs, para afrontar una entrevista de trabajo y las habilidades necesarias para afrontar la b\u00fasqueda de empleo.<\/p>\n<p>&nbsp;<\/p>\n","protected":false},"excerpt":{"rendered":"<p>Documento pr\u00e1ctico realizado por y para mujeres con el fin de promover la participaci\u00f3n plena de las mujeres en el \u00e1mbito laboral. Busca el empoderamiento de las mujeres para que puedan encontrar un puesto de trabajo acorde con su objetivo<span class=\"excerpt-hellip\"> [\u2026]<\/span><\/p>\n","protected":false},"author":1,"featured_media":0,"template":"","categorias_downloads":[41],"etiquetas_downloads":[],"class_list":["post-5770","downloads","type-downloads","status-publish","hentry","categorias_downloads-otros-materiales"],"yoast_head":"<!-- This site is optimized with the Yoast SEO plugin v27.5 - https:\/\/yoast.com\/product\/yoast-seo-wordpress\/ -->\n<title>Gu\u00eda de Empleo - Observatorio de Igualdad y Empleo<\/title>\n<meta name=\"robots\" content=\"index, follow, max-snippet:-1, max-image-preview:large, max-video-preview:-1\" \/>\n<link rel=\"canonical\" href=\"http:\/\/activat9-cp344.wordpresstemporal.com\/observatorio_igualdad_y_empleo\/downloads\/guia-de-empleo\/\" \/>\n<meta property=\"og:locale\" content=\"es_ES\" \/>\n<meta property=\"og:type\" content=\"article\" \/>\n<meta property=\"og:title\" content=\"Gu\u00eda de Empleo - Observatorio de Igualdad y Empleo\" \/>\n<meta property=\"og:description\" content=\"Documento pr\u00e1ctico realizado por y para mujeres con el fin de promover la participaci\u00f3n plena de las mujeres en el \u00e1mbito laboral. Busca el empoderamiento de las mujeres para que puedan encontrar un puesto de trabajo acorde con su objetivo [\u2026]\" \/>\n<meta property=\"og:url\" content=\"http:\/\/activat9-cp344.wordpresstemporal.com\/observatorio_igualdad_y_empleo\/downloads\/guia-de-empleo\/\" \/>\n<meta property=\"og:site_name\" content=\"Observatorio de Igualdad y Empleo\" \/>\n<meta property=\"article:publisher\" content=\"https:\/\/www.facebook.com\/fundacionmujeres\" \/>\n<meta property=\"article:modified_time\" content=\"2020-01-09T10:40:43+00:00\" \/>\n<meta property=\"og:image\" content=\"https:\/\/activat9-cp344.wordpresstemporal.com\/observatorio_igualdad_y_empleo\/wp-content\/uploads\/2017\/12\/icono-web.png\" \/>\n\t<meta property=\"og:image:width\" content=\"512\" \/>\n\t<meta property=\"og:image:height\" content=\"512\" \/>\n\t<meta property=\"og:image:type\" content=\"image\/png\" \/>\n<meta name=\"twitter:card\" content=\"summary_large_image\" \/>\n<meta name=\"twitter:site\" content=\"@fmujeres\" \/>\n<meta name=\"twitter:label1\" content=\"Tiempo de lectura\" \/>\n\t<meta name=\"twitter:data1\" content=\"1 minuto\" \/>\n<script type=\"application\/ld+json\" class=\"yoast-schema-graph\">{\"@context\":\"https:\\\/\\\/schema.org\",\"@graph\":[{\"@type\":\"WebPage\",\"@id\":\"http:\\\/\\\/activat9-cp344.wordpresstemporal.com\\\/observatorio_igualdad_y_empleo\\\/downloads\\\/guia-de-empleo\\\/\",\"url\":\"http:\\\/\\\/activat9-cp344.wordpresstemporal.com\\\/observatorio_igualdad_y_empleo\\\/downloads\\\/guia-de-empleo\\\/\",\"name\":\"Gu\u00eda de Empleo - Observatorio de Igualdad y Empleo\",\"isPartOf\":{\"@id\":\"http:\\\/\\\/activat9-cp344.wordpresstemporal.com\\\/observatorio_igualdad_y_empleo\\\/#website\"},\"datePublished\":\"2018-03-27T10:31:00+00:00\",\"dateModified\":\"2020-01-09T10:40:43+00:00\",\"breadcrumb\":{\"@id\":\"http:\\\/\\\/activat9-cp344.wordpresstemporal.com\\\/observatorio_igualdad_y_empleo\\\/downloads\\\/guia-de-empleo\\\/#breadcrumb\"},\"inLanguage\":\"es\",\"potentialAction\":[{\"@type\":\"ReadAction\",\"target\":[\"http:\\\/\\\/activat9-cp344.wordpresstemporal.com\\\/observatorio_igualdad_y_empleo\\\/downloads\\\/guia-de-empleo\\\/\"]}]},{\"@type\":\"BreadcrumbList\",\"@id\":\"http:\\\/\\\/activat9-cp344.wordpresstemporal.com\\\/observatorio_igualdad_y_empleo\\\/downloads\\\/guia-de-empleo\\\/#breadcrumb\",\"itemListElement\":[{\"@type\":\"ListItem\",\"position\":1,\"name\":\"Portada\",\"item\":\"http:\\\/\\\/activat9-cp344.wordpresstemporal.com\\\/observatorio_igualdad_y_empleo\\\/\"},{\"@type\":\"ListItem\",\"position\":2,\"name\":\"Gu\u00eda de Empleo\"}]},{\"@type\":\"WebSite\",\"@id\":\"http:\\\/\\\/activat9-cp344.wordpresstemporal.com\\\/observatorio_igualdad_y_empleo\\\/#website\",\"url\":\"http:\\\/\\\/activat9-cp344.wordpresstemporal.com\\\/observatorio_igualdad_y_empleo\\\/\",\"name\":\"Observatorio de Igualdad y Empleo\",\"description\":\"Recopilatorio de conocimiento sobre igualdad  y empleo\",\"potentialAction\":[{\"@type\":\"SearchAction\",\"target\":{\"@type\":\"EntryPoint\",\"urlTemplate\":\"http:\\\/\\\/activat9-cp344.wordpresstemporal.com\\\/observatorio_igualdad_y_empleo\\\/?s={search_term_string}\"},\"query-input\":{\"@type\":\"PropertyValueSpecification\",\"valueRequired\":true,\"valueName\":\"search_term_string\"}}],\"inLanguage\":\"es\"}]}<\/script>\n<!-- \/ Yoast SEO plugin. -->","yoast_head_json":{"title":"Gu\u00eda de Empleo - Observatorio de Igualdad y Empleo","robots":{"index":"index","follow":"follow","max-snippet":"max-snippet:-1","max-image-preview":"max-image-preview:large","max-video-preview":"max-video-preview:-1"},"canonical":"http:\/\/activat9-cp344.wordpresstemporal.com\/observatorio_igualdad_y_empleo\/downloads\/guia-de-empleo\/","og_locale":"es_ES","og_type":"article","og_title":"Gu\u00eda de Empleo - Observatorio de Igualdad y Empleo","og_description":"Documento pr\u00e1ctico realizado por y para mujeres con el fin de promover la participaci\u00f3n plena de las mujeres en el \u00e1mbito laboral. Busca el empoderamiento de las mujeres para que puedan encontrar un puesto de trabajo acorde con su objetivo [\u2026]","og_url":"http:\/\/activat9-cp344.wordpresstemporal.com\/observatorio_igualdad_y_empleo\/downloads\/guia-de-empleo\/","og_site_name":"Observatorio de Igualdad y Empleo","article_publisher":"https:\/\/www.facebook.com\/fundacionmujeres","article_modified_time":"2020-01-09T10:40:43+00:00","og_image":[{"width":512,"height":512,"url":"https:\/\/activat9-cp344.wordpresstemporal.com\/observatorio_igualdad_y_empleo\/wp-content\/uploads\/2017\/12\/icono-web.png","type":"image\/png"}],"twitter_card":"summary_large_image","twitter_site":"@fmujeres","twitter_misc":{"Tiempo de lectura":"1 minuto"},"schema":{"@context":"https:\/\/schema.org","@graph":[{"@type":"WebPage","@id":"http:\/\/activat9-cp344.wordpresstemporal.com\/observatorio_igualdad_y_empleo\/downloads\/guia-de-empleo\/","url":"http:\/\/activat9-cp344.wordpresstemporal.com\/observatorio_igualdad_y_empleo\/downloads\/guia-de-empleo\/","name":"Gu\u00eda de Empleo - Observatorio de Igualdad y Empleo","isPartOf":{"@id":"http:\/\/activat9-cp344.wordpresstemporal.com\/observatorio_igualdad_y_empleo\/#website"},"datePublished":"2018-03-27T10:31:00+00:00","dateModified":"2020-01-09T10:40:43+00:00","breadcrumb":{"@id":"http:\/\/activat9-cp344.wordpresstemporal.com\/observatorio_igualdad_y_empleo\/downloads\/guia-de-empleo\/#breadcrumb"},"inLanguage":"es","potentialAction":[{"@type":"ReadAction","target":["http:\/\/activat9-cp344.wordpresstemporal.com\/observatorio_igualdad_y_empleo\/downloads\/guia-de-empleo\/"]}]},{"@type":"BreadcrumbList","@id":"http:\/\/activat9-cp344.wordpresstemporal.com\/observatorio_igualdad_y_empleo\/downloads\/guia-de-empleo\/#breadcrumb","itemListElement":[{"@type":"ListItem","position":1,"name":"Portada","item":"http:\/\/activat9-cp344.wordpresstemporal.com\/observatorio_igualdad_y_empleo\/"},{"@type":"ListItem","position":2,"name":"Gu\u00eda de Empleo"}]},{"@type":"WebSite","@id":"http:\/\/activat9-cp344.wordpresstemporal.com\/observatorio_igualdad_y_empleo\/#website","url":"http:\/\/activat9-cp344.wordpresstemporal.com\/observatorio_igualdad_y_empleo\/","name":"Observatorio de Igualdad y Empleo","description":"Recopilatorio de conocimiento sobre igualdad  y empleo","potentialAction":[{"@type":"SearchAction","target":{"@type":"EntryPoint","urlTemplate":"http:\/\/activat9-cp344.wordpresstemporal.com\/observatorio_igualdad_y_empleo\/?s={search_term_string}"},"query-input":{"@type":"PropertyValueSpecification","valueRequired":true,"valueName":"search_term_string"}}],"inLanguage":"es"}]}},"_links":{"self":[{"href":"https:\/\/activat9-cp344.wordpresstemporal.com\/observatorio_igualdad_y_empleo\/wp-json\/wp\/v2\/downloads\/5770","targetHints":{"allow":["GET"]}}],"collection":[{"href":"https:\/\/activat9-cp344.wordpresstemporal.com\/observatorio_igualdad_y_empleo\/wp-json\/wp\/v2\/downloads"}],"about":[{"href":"https:\/\/activat9-cp344.wordpresstemporal.com\/observatorio_igualdad_y_empleo\/wp-json\/wp\/v2\/types\/downloads"}],"author":[{"embeddable":true,"href":"https:\/\/activat9-cp344.wordpresstemporal.com\/observatorio_igualdad_y_empleo\/wp-json\/wp\/v2\/users\/1"}],"wp:attachment":[{"href":"https:\/\/activat9-cp344.wordpresstemporal.com\/observatorio_igualdad_y_empleo\/wp-json\/wp\/v2\/media?parent=5770"}],"wp:term":[{"taxonomy":"categorias_downloads","embeddable":true,"href":"https:\/\/activat9-cp344.wordpresstemporal.com\/observatorio_igualdad_y_empleo\/wp-json\/wp\/v2\/categorias_downloads?post=5770"},{"taxonomy":"etiquetas_downloads","embeddable":true,"href":"https:\/\/activat9-cp344.wordpresstemporal.com\/observatorio_igualdad_y_empleo\/wp-json\/wp\/v2\/etiquetas_downloads?post=5770"}],"curies":[{"name":"wp","href":"https:\/\/api.w.org\/{rel}","templated":true}]}}

Guía de Empleo

<p>Documento práctico realizado por y para mujeres con el fin de promover la participación plena de las mujeres en el ámbito laboral. Busca el empoderamiento de las mujeres para que puedan encontrar un puesto de trabajo acorde con su objetivo profesional o promocionar en el mismo. Incluye información que permite conocer los derechos y deberes en el desarrollo del trabajo, al igual que  provee herramientas prácticas para la búsqueda activa de empleo (consejos para elaborar cartas de presentación y CVs, para afrontar una entrevista de trabajo y las habilidades necesarias para afrontar la búsqueda de empleo.</p>
<p>&nbsp;</p>

<p>Documento práctico realizado por y para mujeres con el fin de promover la participación plena de las mujeres en el ámbito laboral. Busca el empoderamiento de las mujeres para que puedan encontrar un puesto de trabajo acorde con su objetivo<span class="excerpt-hellip"> […]</span></p>

<!-- This site is optimized with the Yoast SEO plugin v27.5 - https://yoast.com/product/yoast-seo-wordpress/ -->
<title>Guía de Empleo - Observatorio de Igualdad y Empleo</title>
<meta name="robots" content="index, follow, max-snippet:-1, max-image-preview:large, max-video-preview:-1" />
<link rel="canonical" href="http://activat9-cp344.wordpresstemporal.com/observatorio_igualdad_y_empleo/downloads/guia-de-empleo/" />
<meta property="og:locale" content="es_ES" />
<meta property="og:type" content="article" />
<meta property="og:title" content="Guía de Empleo - Observatorio de Igualdad y Empleo" />
<meta property="og:description" content="Documento práctico realizado por y para mujeres con el fin de promover la participación plena de las mujeres en el ámbito laboral. Busca el empoderamiento de las mujeres para que puedan encontrar un puesto de trabajo acorde con su objetivo […]" />
<meta property="og:url" content="http://activat9-cp344.wordpresstemporal.com/observatorio_igualdad_y_empleo/downloads/guia-de-empleo/" />
<meta property="og:site_name" content="Observatorio de Igualdad y Empleo" />
<meta property="article:publisher" content="https://www.facebook.com/fundacionmujeres" />
<meta property="article:modified_time" content="2020-01-09T10:40:43+00:00" />
<meta property="og:image" content="https://activat9-cp344.wordpresstemporal.com/observatorio_igualdad_y_empleo/wp-content/uploads/2017/12/icono-web.png" />
	<meta property="og:image:width" content="512" />
	<meta property="og:image:height" content="512" />
	<meta property="og:image:type" content="image/png" />
<meta name="twitter:card" content="summary_large_image" />
<meta name="twitter:site" content="@fmujeres" />
<meta name="twitter:label1" content="Tiempo de lectura" />
	<meta name="twitter:data1" content="1 minuto" />
<script type="application/ld+json" class="yoast-schema-graph">{"@context":"https:\/\/schema.org","@graph":[{"@type":"WebPage","@id":"http:\/\/activat9-cp344.wordpresstemporal.com\/observatorio_igualdad_y_empleo\/downloads\/guia-de-empleo\/","url":"http:\/\/activat9-cp344.wordpresstemporal.com\/observatorio_igualdad_y_empleo\/downloads\/guia-de-empleo\/","name":"Guía de Empleo - Observatorio de Igualdad y Empleo","isPartOf":{"@id":"http:\/\/activat9-cp344.wordpresstemporal.com\/observatorio_igualdad_y_empleo\/#website"},"datePublished":"2018-03-27T10:31:00+00:00","dateModified":"2020-01-09T10:40:43+00:00","breadcrumb":{"@id":"http:\/\/activat9-cp344.wordpresstemporal.com\/observatorio_igualdad_y_empleo\/downloads\/guia-de-empleo\/#breadcrumb"},"inLanguage":"es","potentialAction":[{"@type":"ReadAction","target":["http:\/\/activat9-cp344.wordpresstemporal.com\/observatorio_igualdad_y_empleo\/downloads\/guia-de-empleo\/"]}]},{"@type":"BreadcrumbList","@id":"http:\/\/activat9-cp344.wordpresstemporal.com\/observatorio_igualdad_y_empleo\/downloads\/guia-de-empleo\/#breadcrumb","itemListElement":[{"@type":"ListItem","position":1,"name":"Portada","item":"http:\/\/activat9-cp344.wordpresstemporal.com\/observatorio_igualdad_y_empleo\/"},{"@type":"ListItem","position":2,"name":"Guía de Empleo"}]},{"@type":"WebSite","@id":"http:\/\/activat9-cp344.wordpresstemporal.com\/observatorio_igualdad_y_empleo\/#website","url":"http:\/\/activat9-cp344.wordpresstemporal.com\/observatorio_igualdad_y_empleo\/","name":"Observatorio de Igualdad y Empleo","description":"Recopilatorio de conocimiento sobre igualdad  y empleo","potentialAction":[{"@type":"SearchAction","target":{"@type":"EntryPoint","urlTemplate":"http:\/\/activat9-cp344.wordpresstemporal.com\/observatorio_igualdad_y_empleo\/?s={search_term_string}"},"query-input":{"@type":"PropertyValueSpecification","valueRequired":true,"valueName":"search_term_string"}}],"inLanguage":"es"}]}</script>
<!-- / Yoast SEO plugin. -->

Guía de Empleo - Observatorio de Igualdad y Empleo

Documento práctico realizado por y para mujeres con el fin de promover la participación plena de las mujeres en el ámbito laboral. Busca el empoderamiento de las mujeres para que puedan encontrar un puesto de trabajo acorde con su objetivo […]
